{"id":41851,"date":"2023-10-26T00:16:34","date_gmt":"2023-10-25T22:16:34","guid":{"rendered":"https:\/\/www.polnischefenster24.de\/konfigurator\/?page_id=41851"},"modified":"2025-10-22T23:24:01","modified_gmt":"2025-10-22T21:24:01","slug":"fenster-konfigurieren","status":"publish","type":"page","link":"https:\/\/www.polnischefenster24.de\/konfigurator\/","title":{"rendered":"Fenster konfigurieren"},"content":{"rendered":"\n<div class=\"wp-block-group box-red has-palette-color-8-color has-palette-color-1-background-color has-text-color has-background has-link-color wp-elements-40e1d9f2bbfc6b11f3cc7594fcf8a55e is-vertical is-content-justification-center is-nowrap is-layout-flex wp-container-core-group-is-layout-54be60bd wp-block-group-is-layout-flex\">\n<p class=\"has-text-align-center\"><strong>F\u00fcr die \u00dcbermittlung von Fensterlisten, Bauzeichnungen, Ausschreibungen<\/strong><\/p>\n\n\n\n<div class=\"wp-block-buttons is-layout-flex wp-block-buttons-is-layout-flex\">\n<div class=\"wp-block-button has-custom-font-size is-style-outline has-small-font-size is-style-outline--1\"><a class=\"wp-block-button__link has-palette-color-1-color has-palette-color-8-background-color has-text-color has-background has-link-color has-border-color has-palette-color-8-border-color wp-element-button\" href=\"https:\/\/www.polnischefenster24.de\/kontakt\/\" style=\"border-radius:4px\" target=\"_blank\" rel=\"noreferrer noopener\">Klicken Sie bitte hier<\/a><\/div>\n<\/div>\n<\/div>\n\n\n\n<div class=\"wp-block-group alignwide is-content-justification-center is-layout-flex wp-container-core-group-is-layout-63d8b71e wp-block-group-is-layout-flex\" style=\"padding-top:0;padding-right:0;padding-bottom:0;padding-left:0\">\n<div class=\"wp-block-group is-vertical is-content-justification-center is-layout-flex wp-container-core-group-is-layout-ce155fab wp-block-group-is-layout-flex\">\n<a href=\"kunststofffenster-konfigurator-online\/\">\n\n\n\n<div class=\"wp-block-group box-shadow has-border-color has-palette-color-5-border-color has-palette-color-4-color has-text-color has-link-color has-small-font-size wp-elements-860ece5f3df067c1dd0667e24687f60f is-vertical is-content-justification-center is-layout-flex wp-container-core-group-is-layout-b323ee22 wp-block-group-is-layout-flex\" style=\"border-width:4px;border-radius:8px;padding-top:var(--wp--preset--spacing--30);padding-right:var(--wp--preset--spacing--30);padding-bottom:var(--wp--preset--spacing--30);padding-left:var(--wp--preset--spacing--30)\">\n<h2 class=\"wp-block-heading wp-container-content-9cfa9a5a\" style=\"font-size:clamp(17.905px, 1.119rem + ((1vw - 3.2px) * 0.789), 28px);\">Kunststofffenster<\/h2>\n\n\n\n<figure class=\"wp-block-image size-full\"><img decoding=\"async\" width=\"300\" height=\"300\" src=\"https:\/\/www.polnischefenster24.de\/konfigurator\/wp-content\/uploads\/2019\/11\/veka-70-3.jpg\" alt=\"Kunststofffenster Konfigurator\" class=\"wp-image-18688\" srcset=\"https:\/\/www.polnischefenster24.de\/konfigurator\/wp-content\/uploads\/2019\/11\/veka-70-3.jpg 300w, https:\/\/www.polnischefenster24.de\/konfigurator\/wp-content\/uploads\/2019\/11\/veka-70-3-100x100.jpg 100w, https:\/\/www.polnischefenster24.de\/konfigurator\/wp-content\/uploads\/2019\/11\/veka-70-3-150x150.jpg 150w\" sizes=\"(max-width: 300px) 100vw, 300px\" \/><\/figure>\n<\/div>\n\n\n\n<\/a>\n<\/div>\n\n\n\n<div class=\"wp-block-group is-vertical is-content-justification-center is-layout-flex wp-container-core-group-is-layout-ce155fab wp-block-group-is-layout-flex\">\n<a href=\"holzfenster-konfigurator-online\/\">\n\n\n\n<div class=\"wp-block-group box-shadow has-border-color has-palette-color-5-border-color has-palette-color-4-color has-text-color has-link-color has-small-font-size wp-elements-f4fb2c6c817f398f833f98538bdd1dff is-vertical is-content-justification-center is-layout-flex wp-container-core-group-is-layout-b323ee22 wp-block-group-is-layout-flex\" style=\"border-width:4px;border-radius:8px;padding-top:var(--wp--preset--spacing--30);padding-right:var(--wp--preset--spacing--30);padding-bottom:var(--wp--preset--spacing--30);padding-left:var(--wp--preset--spacing--30)\">\n<h2 class=\"wp-block-heading wp-container-content-9cfa9a5a\" style=\"font-size:clamp(17.905px, 1.119rem + ((1vw - 3.2px) * 0.789), 28px);\">Holzfenster<\/h2>\n\n\n\n<figure class=\"wp-block-image size-full\"><img decoding=\"async\" width=\"300\" height=\"300\" src=\"https:\/\/www.polnischefenster24.de\/konfigurator\/wp-content\/uploads\/2019\/11\/holzfenster-belgisches-profil.jpg\" alt=\"\" class=\"wp-image-17402\" srcset=\"https:\/\/www.polnischefenster24.de\/konfigurator\/wp-content\/uploads\/2019\/11\/holzfenster-belgisches-profil.jpg 300w, https:\/\/www.polnischefenster24.de\/konfigurator\/wp-content\/uploads\/2019\/11\/holzfenster-belgisches-profil-100x100.jpg 100w, https:\/\/www.polnischefenster24.de\/konfigurator\/wp-content\/uploads\/2019\/11\/holzfenster-belgisches-profil-150x150.jpg 150w\" sizes=\"(max-width: 300px) 100vw, 300px\" \/><\/figure>\n<\/div>\n\n\n\n<\/a>\n<\/div>\n\n\n\n<div class=\"wp-block-group is-vertical is-content-justification-center is-layout-flex wp-container-core-group-is-layout-ce155fab wp-block-group-is-layout-flex\">\n<a href=\"aluminiumfenster-konfigurator-online\/\">\n\n\n\n<div class=\"wp-block-group box-shadow has-border-color has-palette-color-5-border-color has-palette-color-4-color has-text-color has-link-color has-small-font-size wp-elements-701b26e345b2aa3f1938f7d7e6dc50f6 is-vertical is-content-justification-center is-layout-flex wp-container-core-group-is-layout-108ffbe9 wp-block-group-is-layout-flex\" style=\"border-width:4px;border-radius:8px;padding-top:var(--wp--preset--spacing--30);padding-right:var(--wp--preset--spacing--30);padding-bottom:var(--wp--preset--spacing--30);padding-left:var(--wp--preset--spacing--30)\">\n<h2 class=\"wp-block-heading wp-container-content-9cfa9a5a\" style=\"font-size:clamp(17.905px, 1.119rem + ((1vw - 3.2px) * 0.789), 28px);\">Aluminiumfenster<\/h2>\n\n\n\n<figure class=\"wp-block-image size-full\"><img decoding=\"async\" width=\"300\" height=\"300\" src=\"https:\/\/www.polnischefenster24.de\/konfigurator\/wp-content\/uploads\/2019\/11\/aluminium-60.jpg\" alt=\"Aluminiumfenster Konfigurator\" class=\"wp-image-17406\" srcset=\"https:\/\/www.polnischefenster24.de\/konfigurator\/wp-content\/uploads\/2019\/11\/aluminium-60.jpg 300w, https:\/\/www.polnischefenster24.de\/konfigurator\/wp-content\/uploads\/2019\/11\/aluminium-60-100x100.jpg 100w, https:\/\/www.polnischefenster24.de\/konfigurator\/wp-content\/uploads\/2019\/11\/aluminium-60-150x150.jpg 150w\" sizes=\"(max-width: 300px) 100vw, 300px\" \/><\/figure>\n<\/div>\n\n\n\n<\/a>\n<\/div>\n\n\n\n<div class=\"wp-block-group is-vertical is-content-justification-center is-layout-flex wp-container-core-group-is-layout-ce155fab wp-block-group-is-layout-flex\">\n<a href=\"profil\/gragentore-infinity\/\">\n\n\n\n<div class=\"wp-block-group box-shadow has-border-color has-palette-color-5-border-color has-palette-color-4-color has-text-color has-link-color has-small-font-size wp-elements-09ba651c76649889f8fbd2b4e8b3c047 is-vertical is-content-justification-center is-layout-flex wp-container-core-group-is-layout-108ffbe9 wp-block-group-is-layout-flex\" style=\"border-width:4px;border-radius:8px;padding-top:var(--wp--preset--spacing--30);padding-right:var(--wp--preset--spacing--30);padding-bottom:var(--wp--preset--spacing--30);padding-left:var(--wp--preset--spacing--30)\">\n<h2 class=\"wp-block-heading wp-container-content-9cfa9a5a\" style=\"font-size:clamp(17.905px, 1.119rem + ((1vw - 3.2px) * 0.789), 28px);\">Garagentore<\/h2>\n\n\n\n<figure class=\"wp-block-image size-full is-style-default\"><img decoding=\"async\" src=\"https:\/\/www.polnischefenster24.de\/konfigurator\/wp-content\/uploads\/2023\/11\/garagentore.jpg\" alt=\"Garagentore Konfigurator\" class=\"wp-image-17406\"\/><\/figure>\n<\/div>\n\n\n\n<\/a>\n<\/div>\n<\/div>\n\n\n\n<h2 class=\"wp-block-heading\">Preisliste f\u00fcr Fenster nach Ihren W\u00fcnschen \u2013 Konfigurator<\/h2>\n\n\n\n<p>Unser einzigartiges System ist eine gro\u00dfartige M\u00f6glichkeit, den Preis Ihrer Fenster zu \u00fcberpr\u00fcfen und eine wichtige Hilfe bei der Planung Ihres Budgets. Sie werden schnell alle M\u00f6glichkeiten wie Art des Fensters, deren Zwecks und Sonderheiten gezeigt bekommen.<\/p>\n\n\n\n<p>Der Fenster-Konfigurator ist ein sehr einfaches Werkzeug. Geben Sie zu Beginn Ihre Bed\u00fcrfnisse an \u2013 w\u00e4hlen Sie, ob Sie Kunststofffenster, Holz- oder Aluminium-Fenster ben\u00f6tigen. W\u00e4hlen Sie Ihr Wunsch-Fenster aus den verf\u00fcgbaren Produkten aus. Wenn Sie ein bestimmtes Fensterprofil ausgew\u00e4hlt haben, wird Ihnen eine Liste der verf\u00fcgbaren Profile angezeigt. Der Fenster-Konfigurator bietet eine Vielzahl an Optionen. Im n\u00e4chsten Schritt geben Sie die Anzahl der Elemente, Ihr Wunschma\u00df und Ihre Wunschfarbe an. Wenn Sie diese Schritte erfolgreich durchgef\u00fchrt haben, best\u00e4tigen Sie Ihre eingegebenen Informationen zusammen mit Ihren Kontaktdaten. Im Nachgang erstellen wir f\u00fcr Sie schnellstm\u00f6glich ein Angebot.<\/p>\n\n\n\n<h3 class=\"wp-block-heading\">DER FENSTERKONFIGURATOR UNTERST\u00dcTZT SIE BEI DER BAUPLANUNG<\/h3>\n\n\n\n<p>Unsere Kunden sch\u00e4tzen den Fenster-Konfigurator sehr und loben die schnelle Angebotserstellung unser Mitarbeiter. Wenn auch Sie nach einem perfekten Angebot auf der Suche sind, z\u00f6gern Sie nicht und profitieren Sie noch heute von einer kostenlosen Angebotserstellung.<\/p>\n\n\n\n<h3 class=\"wp-block-heading\">FENSTEKAUF WAR NOCH NIE SO EINFACH!<\/h3>\n\n\n\n<p>Dank des Online-Konfigurators gen\u00fcgen ein paar Klicks, um ein genaues Fensterangebot zu erhalten. Nutzen Sie die Gelegenheit und den Komfort, um Ihre Projekt-Kosten besser planen zu k\u00f6nnen! Der Fenster-Welten-Online- Konfigurator ist ein sehr n\u00fctzliches Tool, f\u00fcr all unsere Kunden!<\/p>\n\n\n\n<h3 class=\"wp-block-heading\">PVC FENSTER \u2013 GLEICHT DER PREIS DER QUALIT\u00c4T?<\/h3>\n\n\n\n<p>Tats\u00e4chlich gibt es in jeder Branche eine Situation, in der vertrauensw\u00fcrdige Produkte sowie weniger funktionale und langlebige Produkte auftauchen. Bei PVC-Fenstern ist das nicht anders. Der Preis muss nat\u00fcrlich kein Exponent der Qualit\u00e4t sein, denn auch g\u00fcnstige Produkte k\u00f6nnen die besten sein. Was macht einige Produkte teurer als andere? Ein wichtiges Werkzeug ist die Firma, die das Element f\u00fcr Sie produziert. Fenster der Marke Veka, Knipping, Salamander, K\u00f6mmerling, Sch\u00fcco, Aluplast oder Gealan sind sowohl Fachleuten als auch normalen Anwendern als \u00e4u\u00dferst gute, effiziente und energiesparende PVC-Fenster bekannt. Die Preisliste dieser Produkte kann sehr unterschiedlich sein. Der Preis dieser Profile h\u00e4ngt vom jeweiligen Verk\u00e4ufer ab. Nutzen Sie daher noch heute unser Top-Angebot zur Tief-Preis-Garantie.<\/p>\n\n\n\n<p>Das Fenster-Angebot hilft auch dabei, die Produktfunktionalit\u00e4t zu verstehen. Achten Sie beim Fensterkauf auf folgende Parameter:<\/p>\n\n\n\n<p>\u2022 W\u00e4rmed\u00e4mmung \u2013 Dank dieser W\u00e4rmed\u00e4mmung halten wir wertvolle W\u00e4rme im Haus und vermeiden, dass die R\u00e4ume beheizt werden m\u00fcssen<br>\u2022 Ger\u00e4uschisolation \u2013 Erm\u00f6glicht die Unterdr\u00fcckung externer Ger\u00e4usche<br>\u2022 Best\u00e4ndigkeit gegen Witterungseinfl\u00fcsse \u2013 Hohe Best\u00e4ndigkeit garantiert einen st\u00f6rungsfreien Betrieb<br>\u2022 \u00c4sthetik und Farbe spielen neben der Funktionalit\u00e4t der Fenster auch ein sehr gro\u00dfe Rolle.<\/p>\n\n\n\n<p>Wir empfehlen Ihnen, sich mit unserem Top Angebot zur Tief-Preis-Garantie vertraut zu machen!<\/p>\n\n\n\n<p>Wenn Ihnen sehr gute Produkte und professioneller Service am Herzen liegen, sind Sie bei Fenster-Welten genau richtig!<\/p>\n\n\n\n<h3 class=\"wp-block-heading\">MASSGERECHTE FENSTER? MIT FENSTER-WELTEN IST ES M\u00d6GLICH!<\/h3>\n\n\n\n<p>Bei Fenster-Welten findet fast jeder Kunde genau das, was er sucht. Wenn Sie sich f\u00fcr Fenster, Terrassent\u00fcren, Schiebt\u00fcren oder auch Haust\u00fcren interessieren, sind Sie bei Fenster-Welten genau richtig. Hier warten Ma\u00dfgerechte Fenster und T\u00fcren auf Sie!<\/p>\n\n\n\n<h3 class=\"wp-block-heading\">FENSTER-KONFIGURATOR \u2013 NUTZEN AUCH SIE IHRE GELEGENHEIT NOCH HEUTE!<\/h3>\n\n\n\n<p>Wir hoffen, dass sich unser Fenster-Konfigurator als n\u00fctzliches Werkzeug f\u00fcr Sie erweist.<\/p>\n","protected":false},"excerpt":{"rendered":"<p>Kunststofffenster Holzfenster Aluminiumfenster Garagentore Preisliste f\u00fcr Fenster nach Ihren W\u00fcnschen \u2013 Konfigurator Unser einzigartiges System ist eine gro\u00dfartige M\u00f6glichkeit, den Preis Ihrer Fenster zu \u00fcberpr\u00fcfen und eine wichtige Hilfe bei der Planung Ihres Budgets. Sie werden schnell alle M\u00f6glichkeiten wie Art des Fensters, deren Zwecks und Sonderheiten gezeigt bekommen. Der Fenster-Konfigurator ist ein sehr einfaches [&hellip;]<\/p>\n","protected":false},"author":1,"featured_media":0,"parent":0,"menu_order":0,"comment_status":"closed","ping_status":"closed","template":"","meta":{"footnotes":""},"class_list":["post-41851","page","type-page","status-publish","hentry"],"blocksy_meta":[],"yoast_head":"<!-- This site is optimized with the Yoast SEO plugin v27.5 - https:\/\/yoast.com\/product\/yoast-seo-wordpress\/ -->\n<title>Fenster konfigurieren - Fenster Konfigurator<\/title>\n<meta name=\"description\" content=\"Individuelle Fenster nach Ma\u00df online gestalten. Verschiedenen Materialien, Farben und Gr\u00f6\u00dfen. Jetzt konfigurieren und kostenloses Angebot!\" \/>\n<meta name=\"robots\" content=\"index, follow, max-snippet:-1, max-image-preview:large, max-video-preview:-1\" \/>\n<link rel=\"canonical\" href=\"https:\/\/www.polnischefenster24.de\/konfigurator\/\" \/>\n<meta property=\"og:locale\" content=\"de_DE\" \/>\n<meta property=\"og:type\" content=\"article\" \/>\n<meta property=\"og:title\" content=\"Fenster konfigurieren - Fenster Konfigurator\" \/>\n<meta property=\"og:description\" content=\"Individuelle Fenster nach Ma\u00df online gestalten. Verschiedenen Materialien, Farben und Gr\u00f6\u00dfen. Jetzt konfigurieren und kostenloses Angebot!\" \/>\n<meta property=\"og:url\" content=\"https:\/\/www.polnischefenster24.de\/konfigurator\/\" \/>\n<meta property=\"og:site_name\" content=\"Fenster Konfigurator\" \/>\n<meta property=\"article:modified_time\" content=\"2025-10-22T21:24:01+00:00\" \/>\n<meta property=\"og:image\" content=\"https:\/\/www.polnischefenster24.de\/konfigurator\/wp-content\/uploads\/2019\/11\/veka-70-3.jpg\" \/>\n\t<meta property=\"og:image:width\" content=\"300\" \/>\n\t<meta property=\"og:image:height\" content=\"300\" \/>\n\t<meta property=\"og:image:type\" content=\"image\/jpeg\" \/>\n<meta name=\"twitter:card\" content=\"summary_large_image\" \/>\n<meta name=\"twitter:label1\" content=\"Gesch\u00e4tzte Lesezeit\" \/>\n\t<meta name=\"twitter:data1\" content=\"4\u00a0Minuten\" \/>\n<script type=\"application\/ld+json\" class=\"yoast-schema-graph\">{\"@context\":\"https:\\\/\\\/schema.org\",\"@graph\":[{\"@type\":\"WebPage\",\"@id\":\"https:\\\/\\\/www.polnischefenster24.de\\\/konfigurator\\\/\",\"url\":\"https:\\\/\\\/www.polnischefenster24.de\\\/konfigurator\\\/\",\"name\":\"Fenster konfigurieren - Fenster Konfigurator\",\"isPartOf\":{\"@id\":\"https:\\\/\\\/www.polnischefenster24.de\\\/konfigurator\\\/#website\"},\"primaryImageOfPage\":{\"@id\":\"https:\\\/\\\/www.polnischefenster24.de\\\/konfigurator\\\/#primaryimage\"},\"image\":{\"@id\":\"https:\\\/\\\/www.polnischefenster24.de\\\/konfigurator\\\/#primaryimage\"},\"thumbnailUrl\":\"https:\\\/\\\/www.polnischefenster24.de\\\/konfigurator\\\/wp-content\\\/uploads\\\/2019\\\/11\\\/veka-70-3.jpg\",\"datePublished\":\"2023-10-25T22:16:34+00:00\",\"dateModified\":\"2025-10-22T21:24:01+00:00\",\"description\":\"Individuelle Fenster nach Ma\u00df online gestalten. Verschiedenen Materialien, Farben und Gr\u00f6\u00dfen. Jetzt konfigurieren und kostenloses Angebot!\",\"breadcrumb\":{\"@id\":\"https:\\\/\\\/www.polnischefenster24.de\\\/konfigurator\\\/#breadcrumb\"},\"inLanguage\":\"de\",\"potentialAction\":[{\"@type\":\"ReadAction\",\"target\":[\"https:\\\/\\\/www.polnischefenster24.de\\\/konfigurator\\\/\"]}]},{\"@type\":\"ImageObject\",\"inLanguage\":\"de\",\"@id\":\"https:\\\/\\\/www.polnischefenster24.de\\\/konfigurator\\\/#primaryimage\",\"url\":\"https:\\\/\\\/www.polnischefenster24.de\\\/konfigurator\\\/wp-content\\\/uploads\\\/2019\\\/11\\\/veka-70-3.jpg\",\"contentUrl\":\"https:\\\/\\\/www.polnischefenster24.de\\\/konfigurator\\\/wp-content\\\/uploads\\\/2019\\\/11\\\/veka-70-3.jpg\",\"width\":300,\"height\":300},{\"@type\":\"BreadcrumbList\",\"@id\":\"https:\\\/\\\/www.polnischefenster24.de\\\/konfigurator\\\/#breadcrumb\",\"itemListElement\":[{\"@type\":\"ListItem\",\"position\":1,\"name\":\"Home\",\"item\":\"https:\\\/\\\/www.polnischefenster24.de\\\/konfigurator\\\/\"},{\"@type\":\"ListItem\",\"position\":2,\"name\":\"Fenster konfigurieren\"}]},{\"@type\":\"WebSite\",\"@id\":\"https:\\\/\\\/www.polnischefenster24.de\\\/konfigurator\\\/#website\",\"url\":\"https:\\\/\\\/www.polnischefenster24.de\\\/konfigurator\\\/\",\"name\":\"Fenster Konfigurator\",\"description\":\"Individuelle Fenster nach Ma\u00df online gestalten. Verschiedenen Materialien, Farben und Gr\u00f6\u00dfen. Jetzt konfigurieren und kostenloses Angebot!\",\"publisher\":{\"@id\":\"https:\\\/\\\/www.polnischefenster24.de\\\/konfigurator\\\/#organization\"},\"potentialAction\":[{\"@type\":\"SearchAction\",\"target\":{\"@type\":\"EntryPoint\",\"urlTemplate\":\"https:\\\/\\\/www.polnischefenster24.de\\\/konfigurator\\\/?s={search_term_string}\"},\"query-input\":{\"@type\":\"PropertyValueSpecification\",\"valueRequired\":true,\"valueName\":\"search_term_string\"}}],\"inLanguage\":\"de\"},{\"@type\":\"Organization\",\"@id\":\"https:\\\/\\\/www.polnischefenster24.de\\\/konfigurator\\\/#organization\",\"name\":\"Fenster Konfigurator\",\"url\":\"https:\\\/\\\/www.polnischefenster24.de\\\/konfigurator\\\/\",\"logo\":{\"@type\":\"ImageObject\",\"inLanguage\":\"de\",\"@id\":\"https:\\\/\\\/www.polnischefenster24.de\\\/konfigurator\\\/#\\\/schema\\\/logo\\\/image\\\/\",\"url\":\"https:\\\/\\\/www.polnischefenster24.de\\\/konfigurator\\\/wp-content\\\/uploads\\\/2023\\\/10\\\/fenster-welten-gmbh-logo.png\",\"contentUrl\":\"https:\\\/\\\/www.polnischefenster24.de\\\/konfigurator\\\/wp-content\\\/uploads\\\/2023\\\/10\\\/fenster-welten-gmbh-logo.png\",\"width\":851,\"height\":451,\"caption\":\"Fenster Konfigurator\"},\"image\":{\"@id\":\"https:\\\/\\\/www.polnischefenster24.de\\\/konfigurator\\\/#\\\/schema\\\/logo\\\/image\\\/\"}}]}<\/script>\n<!-- \/ Yoast SEO plugin. -->","yoast_head_json":{"title":"Fenster konfigurieren - Fenster Konfigurator","description":"Individuelle Fenster nach Ma\u00df online gestalten. Verschiedenen Materialien, Farben und Gr\u00f6\u00dfen. Jetzt konfigurieren und kostenloses Angebot!","robots":{"index":"index","follow":"follow","max-snippet":"max-snippet:-1","max-image-preview":"max-image-preview:large","max-video-preview":"max-video-preview:-1"},"canonical":"https:\/\/www.polnischefenster24.de\/konfigurator\/","og_locale":"de_DE","og_type":"article","og_title":"Fenster konfigurieren - Fenster Konfigurator","og_description":"Individuelle Fenster nach Ma\u00df online gestalten. Verschiedenen Materialien, Farben und Gr\u00f6\u00dfen. Jetzt konfigurieren und kostenloses Angebot!","og_url":"https:\/\/www.polnischefenster24.de\/konfigurator\/","og_site_name":"Fenster Konfigurator","article_modified_time":"2025-10-22T21:24:01+00:00","og_image":[{"width":300,"height":300,"url":"https:\/\/www.polnischefenster24.de\/konfigurator\/wp-content\/uploads\/2019\/11\/veka-70-3.jpg","type":"image\/jpeg"}],"twitter_card":"summary_large_image","twitter_misc":{"Gesch\u00e4tzte Lesezeit":"4\u00a0Minuten"},"schema":{"@context":"https:\/\/schema.org","@graph":[{"@type":"WebPage","@id":"https:\/\/www.polnischefenster24.de\/konfigurator\/","url":"https:\/\/www.polnischefenster24.de\/konfigurator\/","name":"Fenster konfigurieren - Fenster Konfigurator","isPartOf":{"@id":"https:\/\/www.polnischefenster24.de\/konfigurator\/#website"},"primaryImageOfPage":{"@id":"https:\/\/www.polnischefenster24.de\/konfigurator\/#primaryimage"},"image":{"@id":"https:\/\/www.polnischefenster24.de\/konfigurator\/#primaryimage"},"thumbnailUrl":"https:\/\/www.polnischefenster24.de\/konfigurator\/wp-content\/uploads\/2019\/11\/veka-70-3.jpg","datePublished":"2023-10-25T22:16:34+00:00","dateModified":"2025-10-22T21:24:01+00:00","description":"Individuelle Fenster nach Ma\u00df online gestalten. Verschiedenen Materialien, Farben und Gr\u00f6\u00dfen. Jetzt konfigurieren und kostenloses Angebot!","breadcrumb":{"@id":"https:\/\/www.polnischefenster24.de\/konfigurator\/#breadcrumb"},"inLanguage":"de","potentialAction":[{"@type":"ReadAction","target":["https:\/\/www.polnischefenster24.de\/konfigurator\/"]}]},{"@type":"ImageObject","inLanguage":"de","@id":"https:\/\/www.polnischefenster24.de\/konfigurator\/#primaryimage","url":"https:\/\/www.polnischefenster24.de\/konfigurator\/wp-content\/uploads\/2019\/11\/veka-70-3.jpg","contentUrl":"https:\/\/www.polnischefenster24.de\/konfigurator\/wp-content\/uploads\/2019\/11\/veka-70-3.jpg","width":300,"height":300},{"@type":"BreadcrumbList","@id":"https:\/\/www.polnischefenster24.de\/konfigurator\/#breadcrumb","itemListElement":[{"@type":"ListItem","position":1,"name":"Home","item":"https:\/\/www.polnischefenster24.de\/konfigurator\/"},{"@type":"ListItem","position":2,"name":"Fenster konfigurieren"}]},{"@type":"WebSite","@id":"https:\/\/www.polnischefenster24.de\/konfigurator\/#website","url":"https:\/\/www.polnischefenster24.de\/konfigurator\/","name":"Fenster Konfigurator","description":"Individuelle Fenster nach Ma\u00df online gestalten. Verschiedenen Materialien, Farben und Gr\u00f6\u00dfen. Jetzt konfigurieren und kostenloses Angebot!","publisher":{"@id":"https:\/\/www.polnischefenster24.de\/konfigurator\/#organization"},"potentialAction":[{"@type":"SearchAction","target":{"@type":"EntryPoint","urlTemplate":"https:\/\/www.polnischefenster24.de\/konfigurator\/?s={search_term_string}"},"query-input":{"@type":"PropertyValueSpecification","valueRequired":true,"valueName":"search_term_string"}}],"inLanguage":"de"},{"@type":"Organization","@id":"https:\/\/www.polnischefenster24.de\/konfigurator\/#organization","name":"Fenster Konfigurator","url":"https:\/\/www.polnischefenster24.de\/konfigurator\/","logo":{"@type":"ImageObject","inLanguage":"de","@id":"https:\/\/www.polnischefenster24.de\/konfigurator\/#\/schema\/logo\/image\/","url":"https:\/\/www.polnischefenster24.de\/konfigurator\/wp-content\/uploads\/2023\/10\/fenster-welten-gmbh-logo.png","contentUrl":"https:\/\/www.polnischefenster24.de\/konfigurator\/wp-content\/uploads\/2023\/10\/fenster-welten-gmbh-logo.png","width":851,"height":451,"caption":"Fenster Konfigurator"},"image":{"@id":"https:\/\/www.polnischefenster24.de\/konfigurator\/#\/schema\/logo\/image\/"}}]}},"_links":{"self":[{"href":"https:\/\/www.polnischefenster24.de\/konfigurator\/wp-json\/wp\/v2\/pages\/41851","targetHints":{"allow":["GET"]}}],"collection":[{"href":"https:\/\/www.polnischefenster24.de\/konfigurator\/wp-json\/wp\/v2\/pages"}],"about":[{"href":"https:\/\/www.polnischefenster24.de\/konfigurator\/wp-json\/wp\/v2\/types\/page"}],"author":[{"embeddable":true,"href":"https:\/\/www.polnischefenster24.de\/konfigurator\/wp-json\/wp\/v2\/users\/1"}],"replies":[{"embeddable":true,"href":"https:\/\/www.polnischefenster24.de\/konfigurator\/wp-json\/wp\/v2\/comments?post=41851"}],"version-history":[{"count":38,"href":"https:\/\/www.polnischefenster24.de\/konfigurator\/wp-json\/wp\/v2\/pages\/41851\/revisions"}],"predecessor-version":[{"id":100918,"href":"https:\/\/www.polnischefenster24.de\/konfigurator\/wp-json\/wp\/v2\/pages\/41851\/revisions\/100918"}],"wp:attachment":[{"href":"https:\/\/www.polnischefenster24.de\/konfigurator\/wp-json\/wp\/v2\/media?parent=41851"}],"curies":[{"name":"wp","href":"https:\/\/api.w.org\/{rel}","templated":true}]}}